?
2, 3, 31, 3251
List the prime factors of 25119408.
2, 3, 677, 773
List the prime factors of 80053423.
71, 1127513
List the prime factors of 54990417.
3, 18330139
List the prime factors of 1902742494.
2, 3, 97, 1709, 1913
What are the prime factors of 611447587?
611447587
List the prime factors of 18750904.
2, 1319, 1777
List the prime factors of 853105355.
5, 127, 193, 6961
List the prime factors of 13950951.
3, 7, 664331
List the prime factors of 1470669574.
2, 11, 31, 43, 47, 97
List the prime factors of 1147703203.
1147703203
What are the prime factors of 237497835?
3, 5, 73, 89, 2437
List the prime factors of 35843109.
3, 11947703
List the prime factors of 89372984.
2, 11171623
What are the prime factors of 136562595?
3, 5, 13, 19, 29, 31, 41
List the prime factors of 569013913.
13, 47, 263, 3541
List the prime factors of 1585165725.
3, 5, 11, 13, 19, 2593
What are the prime factors of 771263279?
47, 103, 159319
What are the prime factors of 260282984?
2, 13, 59, 251
List the prime factors of 1657303270.
2, 5, 7, 131, 180731
What are the prime factors of 367373844?
2, 3, 89, 114661
What are the prime factors of 284418337?
7, 277, 146683
What are the prime factors of 272106345?
3, 5, 7, 563, 4603
What are the prime factors of 3466766032?
2, 97, 179, 12479
What are the prime factors of 124344331?
73, 311, 5477
List the prime factors of 157612240.
2, 5, 409, 4817
List the prime factors of 795231939.
3, 29, 315193
What are the prime factors of 30200041?
17, 79, 113, 199
List the prime factors of 349335770.
2, 5, 7, 101, 49411
List the prime factors of 6814386.
2, 3, 347, 1091
List the prime factors of 1796108762.
2, 7, 128293483
What are the prime factors of 18020971?
18020971
List the prime factors of 169229732.
2, 7, 19, 29, 1567
List the prime factors of 659445626.
2, 7, 47, 113, 181
List the prime factors of 1891130398.
2, 945565199
What are the prime factors of 116113998?
2, 3, 7, 11, 13, 19333
List the prime factors of 17374365.
3, 5, 41, 43, 73
List the prime factors of 571759938.
2, 3, 863, 12269
List the prime factors of 153568071.
3, 17063119
List the prime factors of 1654278612.
2, 3, 7, 53, 109, 487
List the prime factors of 2293905265.
5, 47, 9761299
What are the prime factors of 68988346?
2, 7, 17, 59
What are the prime factors of 49065607?
97, 359, 1409
What are the prime factors of 189192008?
2, 31, 762871
What are the prime factors of 1604681211?
3, 7, 76413391
List the prime factors of 791592966.
2, 3, 3061, 4789
List the prime factors of 717117787.
717117787
What are the prime factors of 249973174?
2, 11, 631, 1637
List the prime factors of 52814678.
2, 7, 601, 6277
What are the prime factors of 5673595905?
3, 5, 239, 563, 937
What are the prime factors of 176431873?
23, 37, 151, 1373
List the prime factors of 144114449.
19, 21011
List the prime factors of 46751643.
3, 191, 27197
List the prime factors of 147991791.
3, 49330597
What are the prime factors of 9292066?
2, 7, 53, 1789
What are the prime factors of 609838768?
2, 7, 11, 277, 1787
List the prime factors of 2411297105.
5, 7, 151, 65179
What are the prime factors of 15697275?
3, 5, 11, 53, 359
List the prime factors of 105047316.
2, 3, 11, 265271
List the prime factors of 888964860.
2, 3, 5, 7, 83, 3643
List the prime factors of 29775911.
11, 101, 26801
List the prime factors of 13021432.
2, 43, 37853
List the prime factors of 30469084.
2, 19, 191, 2099
What are the prime factors of 18489551?
571, 32381
List the prime factors of 176270195.
5, 17, 107, 19381
List the prime factors of 842216746.
2, 7, 53, 1135063
What are the prime factors of 1042514436?
2, 3, 86876203
List the prime factors of 108012704.
2, 29, 239, 487
What are the prime factors of 34829088?
2, 3, 7, 51829
What are the prime factors of 60674118?
2, 3, 43, 235171
What are the prime factors of 1115277596?
2, 1259, 221461
What are the prime factors of 103922255?
5, 20784451
What are the prime factors of 20486493?
3, 37, 20507
List the prime factors of 1894364663.
23, 82363681
What are the prime factors of 236362306?
2, 23, 5138311
What are the prime factors of 823967038?
2, 1109, 371491
List the prime factors of 811438939.
43, 163, 115771
List the prime factors of 8304591442.
2, 7, 67, 1264787
What are the prime factors of 756694222?
2, 101, 281, 13331
What are the prime factors of 505683043?
19, 197, 135101
List the prime factors of 157235567.
17, 23, 402137
What are the prime factors of 23832826?
2, 173, 68881
List the prime factors of 40694689.
7, 5813527
List the prime factors of 1239006352.
2, 77437897
What are the prime factors of 28864045?
5, 7, 17, 139, 349
List the prime factors of 19294038.
2, 3, 119099
What are the prime factors of 186130985?
5, 2377, 15661
List the prime factors of 178847645.
5, 35769529
List the prime factors of 99783554.
2, 13, 19, 73, 2767
What are the prime factors of 988401842?
2, 41, 179, 67339
List the prime factors of 16725956.
2, 13, 61, 5273
What are the prime factors of 777190571?
2137, 363683
List the prime factors of 738784609.
738784609
List the prime factors of 955977128.
2, 1579, 75679
List the prime factors of 682358843.
401, 1701643
What are the prime factors of 3570940452?
2, 3, 179, 1662449
What are the prime factors of 393991276?
2, 7, 31, 453907
What are the prime factors of 97028684?
2, 163, 148817
List the prime factors of 49923130.
2, 5, 199, 25087
List the prime factors of 1209977763.
3, 431, 935791
What are the prime factors of 79746351?
3, 107, 248431
What are the prime factors of 1680188308?
2, 420047077
List the prime factors of 75087894.
2, 3, 7, 97, 2633
What are the prime factors of 42298782?
2, 3, 1499, 4703
What are the prime factors of 3938012?
2, 13, 75731
What are the prime factors of 162670391?
13, 3299, 3793
What are the prime factors of 102231369?
3, 3786347
List the prime factors of 59587271.
59587271
What are the prime factors of 5034913?
13, 43, 9007
List the prime factors of 49652084.
2, 12413021
List the prime factors of 1541354640.
2, 3, 5, 7, 17, 29, 1861
What are the prime factors of 680309047?
11, 37, 1671521
What are the prime factors of 7511604200?
2, 5, 109, 587
What are the prime factors of 1865420395?
5, 1747, 213557
What are the prime factors of 2779761391?
11, 252705581
What are the prime factors of 3036876?
2, 3, 97, 2609
What are the prime factors of 236755381?
163, 1452487
List the prime factors of 5706378770.
2, 5, 41, 13917997
List the prime factors of 137819663.
17, 53, 151, 1013
List the prime factors of 1688658344.
2, 23, 9177491
List the prime factors of 1343821347.
3, 11, 59, 8521
What are the prime factors of 64306430?
2, 5, 73, 137, 643
What are the prime factors of 111080864?
2, 1289, 2693
What are the prime factors of 2381432414?
2, 1190716207
What are the prime factors of 369561972?
2, 3, 13, 521, 4547
List the prime factors of 3043130597.
13, 43, 2017, 2699
What are the prime factors of 51183152?
2, 79, 40493
What are the prime factors of 1989859150?
2, 5, 41, 509, 1907
List the prime factors of 39795520.
2, 5, 23, 5407
List the prime factors of 8347265.
5, 1669453
List the prime factors of 70850263.
11, 6440933
List the prime factors of 34304383.
31, 1106593
List the prime factors of 102088518.
2, 3, 7, 31, 89, 881
List the prime factors of 10164376.
2, 1270547
List the prime factors of 9101737.
29, 313853
List the prime factors of 1688834857.
1688834857
What are the prime factors of 209001110?
2, 5, 997, 20963
What are the prime factors of 20801028?
2, 3, 743, 2333
List the prime factors of 4300847411.
7, 614406773
What are the prime factors of 2283713122?
2, 17, 89, 397, 1901
List the prime factors of 120926717.
120926717
What are the prime factors of 12144399?
3, 37, 2957
What are the prime factors of 4436543?
1427, 3109
List the prime factors of 265811099.
17, 61, 137, 1871
List the prime factors of 225352652.
2, 7, 8048309
List the prime factors of 1361251999.
17, 80073647
List the prime factors of 54765817.
5807, 9431
What are the prime factors of 172780584?
2, 3, 79, 91129
What are the prime factors of 38940245?
5, 823, 9463
What are the prime factors of 3386805?
3, 5, 41, 5507
List the prime factors of 312833836.
2, 7, 228013
What are the prime factors of 352337246?
2, 176168623
What are